{"version":"1.0","provider_name":"Fundaci\u00f3 Ferrer Green for Good","provider_url":"https:\/\/fundacioferrergreenforgood.org\/es\/","author_name":"comunicacioff","author_url":"https:\/\/fundacioferrergreenforgood.org\/es\/author\/comunicacioff\/","title":"Hablamos con las investigadoras del CREAF que analizan la calidad del aire y del suelo a trav\u00e9s de las acelgas cultivadas en los huertos Green for Good - Fundaci\u00f3 Ferrer Green for Good","type":"rich","width":600,"height":338,"html":"<blockquote class=\"wp-embedded-content\" data-secret=\"aqSEszEynH\"><a href=\"https:\/\/fundacioferrergreenforgood.org\/es\/entrevista-creaf\/\">Hablamos con las investigadoras del CREAF que analizan la calidad del aire y del suelo a trav\u00e9s de las acelgas cultivadas en los huertos Green for Good<\/a><\/blockquote><iframe sandbox=\"allow-scripts\" security=\"restricted\" src=\"https:\/\/fundacioferrergreenforgood.org\/es\/entrevista-creaf\/embed\/#?secret=aqSEszEynH\" width=\"600\" height=\"338\" title=\"\u00abHablamos con las investigadoras del CREAF que analizan la calidad del aire y del suelo a trav\u00e9s de las acelgas cultivadas en los huertos Green for Good\u00bb \u2014 Fundaci\u00f3 Ferrer Green for Good\" data-secret=\"aqSEszEynH\" frameborder=\"0\" marginwidth=\"0\" marginheight=\"0\" scrolling=\"no\" class=\"wp-embedded-content\"><\/iframe><script type=\"text\/javascript\">\n\/* <![CDATA[ *\/\n\/*! This file is auto-generated *\/\n!function(d,l){\"use strict\";l.querySelector&&d.addEventListener&&\"undefined\"!=typeof URL&&(d.wp=d.wp||{},d.wp.receiveEmbedMessage||(d.wp.receiveEmbedMessage=function(e){var t=e.data;if((t||t.secret||t.message||t.value)&&!\/[^a-zA-Z0-9]\/.test(t.secret)){for(var s,r,n,a=l.querySelectorAll('iframe[data-secret=\"'+t.secret+'\"]'),o=l.querySelectorAll('blockquote[data-secret=\"'+t.secret+'\"]'),c=new RegExp(\"^https?:$\",\"i\"),i=0;i<o.length;i++)o[i].style.display=\"none\";for(i=0;i<a.length;i++)s=a[i],e.source===s.contentWindow&&(s.removeAttribute(\"style\"),\"height\"===t.message?(1e3<(r=parseInt(t.value,10))?r=1e3:~~r<200&&(r=200),s.height=r):\"link\"===t.message&&(r=new URL(s.getAttribute(\"src\")),n=new URL(t.value),c.test(n.protocol))&&n.host===r.host&&l.activeElement===s&&(d.top.location.href=t.value))}},d.addEventListener(\"message\",d.wp.receiveEmbedMessage,!1),l.addEventListener(\"DOMContentLoaded\",function(){for(var e,t,s=l.querySelectorAll(\"iframe.wp-embedded-content\"),r=0;r<s.length;r++)(t=(e=s[r]).getAttribute(\"data-secret\"))||(t=Math.random().toString(36).substring(2,12),e.src+=\"#?secret=\"+t,e.setAttribute(\"data-secret\",t)),e.contentWindow.postMessage({message:\"ready\",secret:t},\"*\")},!1)))}(window,document);\n\/\/# sourceURL=https:\/\/fundacioferrergreenforgood.org\/wp-includes\/js\/wp-embed.min.js\n\/* ]]> *\/\n<\/script>\n","thumbnail_url":"https:\/\/fundacioferrergreenforgood.org\/wp-content\/uploads\/2026\/04\/Corina-Basnou-i-Sandra-Calduch.png","thumbnail_width":740,"thumbnail_height":555,"description":"Conversamos con las investigadoras que lideran el estudio, Corina Basnou y Sandra Calduch, en el Huerto IE La Mina (Sant Adri\u00e0 de Bes\u00f2s), uno de los huertos Green for Good donde se desarrolla esta investigaci\u00f3n junto con el Huerto La Florida (L\u2019Hospitalet de Llobregat). A trav\u00e9s del an\u00e1lisis de las acelgas, el proyecto investiga c\u00f3mo estos espacios pueden actuar como indicadores vivos de la salud ambiental urbana y abre nuevas v\u00edas para entender la relaci\u00f3n entre biodiversidad, contaminaci\u00f3n y bienestar."}

Fundació Ferrer Green for Good

Hablamos con las investigadoras del CREAF que analizan la calidad del aire y del suelo a través de las acelgas cultivadas en los huertos Green for Good - Fundació Ferrer Green for Good

<blockquote class="wp-embedded-content" data-secret="aqSEszEynH"><a href="https://fundacioferrergreenforgood.org/es/entrevista-creaf/">Hablamos con las investigadoras del CREAF que analizan la calidad del aire y del suelo a través de las acelgas cultivadas en los huertos Green for Good</a></blockquote><iframe sandbox="allow-scripts" security="restricted" src="https://fundacioferrergreenforgood.org/es/entrevista-creaf/embed/#?secret=aqSEszEynH" width="600" height="338" title="«Hablamos con las investigadoras del CREAF que analizan la calidad del aire y del suelo a través de las acelgas cultivadas en los huertos Green for Good» — Fundació Ferrer Green for Good" data-secret="aqSEszEynH" frameborder="0" marginwidth="0" marginheight="0" scrolling="no" class="wp-embedded-content"></iframe><script type="text/javascript">
/* <![CDATA[ */
/*! This file is auto-generated */
!function(d,l){"use strict";l.querySelector&&d.addEventListener&&"undefined"!=typeof URL&&(d.wp=d.wp||{},d.wp.receiveEmbedMessage||(d.wp.receiveEmbedMessage=function(e){var t=e.data;if((t||t.secret||t.message||t.value)&&!/[^a-zA-Z0-9]/.test(t.secret)){for(var s,r,n,a=l.querySelectorAll('iframe[data-secret="'+t.secret+'"]'),o=l.querySelectorAll('blockquote[data-secret="'+t.secret+'"]'),c=new RegExp("^https?:$","i"),i=0;i<o.length;i++)o[i].style.display="none";for(i=0;i<a.length;i++)s=a[i],e.source===s.contentWindow&&(s.removeAttribute("style"),"height"===t.message?(1e3<(r=parseInt(t.value,10))?r=1e3:~~r<200&&(r=200),s.height=r):"link"===t.message&&(r=new URL(s.getAttribute("src")),n=new URL(t.value),c.test(n.protocol))&&n.host===r.host&&l.activeElement===s&&(d.top.location.href=t.value))}},d.addEventListener("message",d.wp.receiveEmbedMessage,!1),l.addEventListener("DOMContentLoaded",function(){for(var e,t,s=l.querySelectorAll("iframe.wp-embedded-content"),r=0;r<s.length;r++)(t=(e=s[r]).getAttribute("data-secret"))||(t=Math.random().toString(36).substring(2,12),e.src+="#?secret="+t,e.setAttribute("data-secret",t)),e.contentWindow.postMessage({message:"ready",secret:t},"*")},!1)))}(window,document);
//# sourceURL=https://fundacioferrergreenforgood.org/wp-includes/js/wp-embed.min.js
/* ]]> */
</script>

Conversamos con las investigadoras que lideran el estudio, Corina Basnou y Sandra Calduch, en el Huerto IE La Mina (Sant Adrià de Besòs), uno de los huertos Green for Good donde se desarrolla esta investigación junto con el Huerto La Florida (L’Hospitalet de Llobregat). A través del análisis de las acelgas, el proyecto investiga cómo estos espacios pueden actuar como indicadores vivos de la salud ambiental urbana y abre nuevas vías para entender la relación entre biodiversidad, contaminación y bienestar.
